{"id":208,"date":"2017-03-16T22:53:21","date_gmt":"2017-03-16T21:53:21","guid":{"rendered":"http:\/\/xxl-fen.de\/?page_id=208"},"modified":"2025-02-11T11:16:19","modified_gmt":"2025-02-11T10:16:19","slug":"das-wolbecker-maennerballett-xxl-fen","status":"publish","type":"page","link":"https:\/\/xxl-fen.de\/","title":{"rendered":"Das Wolbecker M\u00e4nnerballett XXL-fen"},"content":{"rendered":"<p><a href=\"http:\/\/xxl-fen.de\/wp-content\/uploads\/2025\/02\/3_2025.jpg\"><img loading=\"lazy\" decoding=\"async\" class=\"alignright wp-image-2115 size-medium\" src=\"http:\/\/xxl-fen.de\/wp-content\/uploads\/2025\/02\/3_2025-300x215.jpg\" alt=\"\" width=\"300\" height=\"215\" \/><\/a>Seit 2001 tanzt das das etwas andere M\u00e4nnerballett XXL-fen in Wolbeck und anderen Karnevalshochburgen der Region erfolgreich aus der Reihe.<\/p>\n<p>Es gibt nur wenige Regeln, die f\u00fcr diese Truppe gelten:<\/p>\n<p>Tanz nicht in Frauenkleidern,<br \/>\ntrainiere nicht vor August,<br \/>\nh\u00f6r auf deine Trainerin,<br \/>\nvermeide M\u00e4nnerballettturniere<br \/>\nund hab Spa\u00df bei dem was du gerne tust.<\/p>\n<p>Die XXL-fen freuen sich \u00fcber dein Interesse, besonders wenn Du mittanzen oder uns buchen willst. Jedes Jahr im Juni wird ein neues Thema gefunden und dann, bis etwa Januar, mit Musik und Choreografie umgesetzt.<\/p>\n<p>Wir sehen uns im Karneval!<\/p>\n<p>Eure XXL-fen<\/p>\n","protected":false},"excerpt":{"rendered":"<p>Seit 2001 tanzt das das etwas andere M\u00e4nnerballett XXL-fen in Wolbeck und anderen Karnevalshochburgen der Region erfolgreich aus der Reihe. Es gibt nur wenige Regeln, die f\u00fcr diese Truppe gelten: Tanz nicht in Frauenkleidern, trainiere nicht vor August, h\u00f6r auf deine Trainerin, vermeide M\u00e4nnerballettturniere und hab Spa\u00df bei dem was du gerne tust. Die XXL-fen [&hellip;]<\/p>\n","protected":false},"author":2,"featured_media":0,"parent":0,"menu_order":0,"comment_status":"closed","ping_status":"closed","template":"","meta":{"footnotes":""},"class_list":["post-208","page","type-page","status-publish","czr-hentry"],"aioseo_notices":[],"_links":{"self":[{"href":"https:\/\/xxl-fen.de\/index.php?rest_route=\/wp\/v2\/pages\/208","targetHints":{"allow":["GET"]}}],"collection":[{"href":"https:\/\/xxl-fen.de\/index.php?rest_route=\/wp\/v2\/pages"}],"about":[{"href":"https:\/\/xxl-fen.de\/index.php?rest_route=\/wp\/v2\/types\/page"}],"author":[{"embeddable":true,"href":"https:\/\/xxl-fen.de\/index.php?rest_route=\/wp\/v2\/users\/2"}],"replies":[{"embeddable":true,"href":"https:\/\/xxl-fen.de\/index.php?rest_route=%2Fwp%2Fv2%2Fcomments&post=208"}],"version-history":[{"count":26,"href":"https:\/\/xxl-fen.de\/index.php?rest_route=\/wp\/v2\/pages\/208\/revisions"}],"predecessor-version":[{"id":2124,"href":"https:\/\/xxl-fen.de\/index.php?rest_route=\/wp\/v2\/pages\/208\/revisions\/2124"}],"wp:attachment":[{"href":"https:\/\/xxl-fen.de\/index.php?rest_route=%2Fwp%2Fv2%2Fmedia&parent=208"}],"curies":[{"name":"wp","href":"https:\/\/api.w.org\/{rel}","templated":true}]}}